{"id":263,"date":"2025-07-22T19:44:37","date_gmt":"2025-07-22T17:44:37","guid":{"rendered":"https:\/\/labirynt.com\/prostepytania\/?page_id=263"},"modified":"2025-07-23T23:00:17","modified_gmt":"2025-07-23T21:00:17","slug":"home","status":"publish","type":"page","link":"https:\/\/labirynt.com\/prostepytania\/","title":{"rendered":"home"},"content":{"rendered":"\n<div class=\"wp-block-group napisproste has-global-padding is-layout-constrained wp-block-group-is-layout-constrained\">\n<figure class=\"wp-block-image size-large\"><img loading=\"lazy\" decoding=\"async\" width=\"256\" height=\"37\" src=\"https:\/\/labirynt.com\/prostepytania\/wp-content\/uploads\/2025\/07\/Logo-new.svg\" alt=\"\" class=\"wp-image-303\"\/><\/figure>\n\n\n\n<h2 class=\"wp-block-heading alignfull has-text-align-left\">PROSTE <br>PYTANIA <br>TRUDNE <br>ODPOWIEDZI<\/h2>\n<\/div>\n\n\n\n<h2 class=\"wp-block-heading alignfull sticky1 wystawa\"><a href=\"https:\/\/labirynt.com\/prostepytania\/magda-ciemierkiewicz\/\">Magdalena Ciemierkiewicz &#8211; Wiano<\/a><\/h2>\n\n\n\n<figure class=\"wp-block-image alignfull size-large sticky\"><img loading=\"lazy\" decoding=\"async\" width=\"683\" height=\"1024\" src=\"https:\/\/labirynt.com\/prostepytania\/wp-content\/uploads\/2025\/07\/ciemierkiewicz4-683x1024.png\" alt=\"\" class=\"wp-image-347\" srcset=\"https:\/\/labirynt.com\/prostepytania\/wp-content\/uploads\/2025\/07\/ciemierkiewicz4-683x1024.png 683w, https:\/\/labirynt.com\/prostepytania\/wp-content\/uploads\/2025\/07\/ciemierkiewicz4-200x300.png 200w, https:\/\/labirynt.com\/prostepytania\/wp-content\/uploads\/2025\/07\/ciemierkiewicz4-768x1152.png 768w, https:\/\/labirynt.com\/prostepytania\/wp-content\/uploads\/2025\/07\/ciemierkiewicz4.png 800w\" sizes=\"auto, (max-width: 683px) 100vw, 683px\" \/><\/figure>\n\n\n\n<h2 class=\"wp-block-heading alignfull sticky2 wystawa\"><a href=\"https:\/\/labirynt.com\/prostepytania\/dana-kavelina\/\">Dana Kavelina &#8211; The Lemberg Machine<\/a><\/h2>\n\n\n\n<figure class=\"wp-block-image alignfull size-large sticky\"><img loading=\"lazy\" decoding=\"async\" width=\"683\" height=\"1024\" src=\"https:\/\/labirynt.com\/prostepytania\/wp-content\/uploads\/2025\/07\/kavelina4-683x1024.png\" alt=\"\" class=\"wp-image-348\" srcset=\"https:\/\/labirynt.com\/prostepytania\/wp-content\/uploads\/2025\/07\/kavelina4-683x1024.png 683w, https:\/\/labirynt.com\/prostepytania\/wp-content\/uploads\/2025\/07\/kavelina4-200x300.png 200w, https:\/\/labirynt.com\/prostepytania\/wp-content\/uploads\/2025\/07\/kavelina4-768x1152.png 768w, https:\/\/labirynt.com\/prostepytania\/wp-content\/uploads\/2025\/07\/kavelina4.png 800w\" sizes=\"auto, (max-width: 683px) 100vw, 683px\" \/><\/figure>\n\n\n\n<h2 class=\"wp-block-heading alignfull sticky3 wystawa\"><a href=\"https:\/\/labirynt.com\/prostepytania\/marta-zgierska\/\">Marta Zgierska &#8211; Ja\u0142owy bieg<\/a><\/h2>\n\n\n\n<figure class=\"wp-block-image alignfull size-large sticky\"><img loading=\"lazy\" decoding=\"async\" width=\"683\" height=\"1024\" src=\"https:\/\/labirynt.com\/prostepytania\/wp-content\/uploads\/2025\/07\/zgierska4-683x1024.png\" alt=\"\" class=\"wp-image-349\" srcset=\"https:\/\/labirynt.com\/prostepytania\/wp-content\/uploads\/2025\/07\/zgierska4-683x1024.png 683w, https:\/\/labirynt.com\/prostepytania\/wp-content\/uploads\/2025\/07\/zgierska4-200x300.png 200w, https:\/\/labirynt.com\/prostepytania\/wp-content\/uploads\/2025\/07\/zgierska4-768x1152.png 768w, https:\/\/labirynt.com\/prostepytania\/wp-content\/uploads\/2025\/07\/zgierska4.png 800w\" sizes=\"auto, (max-width: 683px) 100vw, 683px\" \/><\/figure>\n\n\n\n<h2 class=\"wp-block-heading alignfull sticky4 wystawa\"><a href=\"https:\/\/labirynt.com\/prostepytania\/kali-katharsis\/\">Kali Katharsis &#8211; Wstydu nie masz<\/a><\/h2>\n\n\n\n<figure class=\"wp-block-image alignfull size-large sticky\"><img loading=\"lazy\" decoding=\"async\" width=\"683\" height=\"1024\" src=\"https:\/\/labirynt.com\/prostepytania\/wp-content\/uploads\/2025\/07\/kali4-683x1024.png\" alt=\"\" class=\"wp-image-350\" srcset=\"https:\/\/labirynt.com\/prostepytania\/wp-content\/uploads\/2025\/07\/kali4-683x1024.png 683w, https:\/\/labirynt.com\/prostepytania\/wp-content\/uploads\/2025\/07\/kali4-200x300.png 200w, https:\/\/labirynt.com\/prostepytania\/wp-content\/uploads\/2025\/07\/kali4-768x1152.png 768w, https:\/\/labirynt.com\/prostepytania\/wp-content\/uploads\/2025\/07\/kali4.png 800w\" sizes=\"auto, (max-width: 683px) 100vw, 683px\" \/><\/figure>\n\n\n\n<h2 class=\"wp-block-heading alignfull sticky5 wystawa\"><a href=\"https:\/\/labirynt.com\/prostepytania\/katarzyna-gorna\/\">Katarzyna G\u00f3rna &#8211; Pami\u0119\u0107 Ziemi<\/a><\/h2>\n\n\n\n<figure class=\"wp-block-image alignfull size-large sticky  paddingbottom\"><img loading=\"lazy\" decoding=\"async\" width=\"683\" height=\"1024\" src=\"https:\/\/labirynt.com\/prostepytania\/wp-content\/uploads\/2025\/07\/gorna4-683x1024.png\" alt=\"\" class=\"wp-image-351\" srcset=\"https:\/\/labirynt.com\/prostepytania\/wp-content\/uploads\/2025\/07\/gorna4-683x1024.png 683w, https:\/\/labirynt.com\/prostepytania\/wp-content\/uploads\/2025\/07\/gorna4-200x300.png 200w, https:\/\/labirynt.com\/prostepytania\/wp-content\/uploads\/2025\/07\/gorna4-768x1152.png 768w, https:\/\/labirynt.com\/prostepytania\/wp-content\/uploads\/2025\/07\/gorna4.png 800w\" sizes=\"auto, (max-width: 683px) 100vw, 683px\" \/><\/figure>\n\n\n\n<div class=\"wp-block-group alignfull superpadding is-style-section-5 opis has-global-padding is-layout-constrained wp-container-core-group-is-layout-97f8bad3 wp-block-group-is-layout-constrained is-style-section-5--1\" style=\"border-style:none;border-width:0px;margin-top:0;margin-bottom:0;padding-top:0;padding-right:0;padding-bottom:0;padding-left:0\">\n<h2 class=\"wp-block-heading alignwide\" id=\"we-re-a-studio-in-berlin-with-an-international-practice-in-architecture-urban-planning-and-interior-design-we-believe-in-sharing-knowledge-and-promoting-dialogue-to-increase-the-creative-potential-of-collaboration\" style=\"font-size:clamp(27.894px, 1.743rem + ((1vw - 3.2px) * 1.971), 48px);line-height:1.1\">Wystawy s\u0105 cz\u0119\u015bci\u0105 nowego cyklu Galerii Labirynt \u2013 \u201eProste pytania \u2013 trudne odpowiedzi\u201d \u2013 kt\u00f3ry skupia si\u0119 na sztuce artystek poruszaj\u0105cych tematy dyskryminacji, traumy, seksizmu, transfobii i antysemityzmu. Projekt kontynuuje tradycj\u0119 Galerii jako przestrzeni eksperymentu i krytycznego my\u015blenia, a jednocze\u015bnie odwraca historyczne proporcje, oddaj\u0105c g\u0142os kobietom-artystkom.<\/h2>\n\n\n\n<h2 class=\"wp-block-heading alignwide\" id=\"we-re-a-studio-in-berlin-with-an-international-practice-in-architecture-urban-planning-and-interior-design-we-believe-in-sharing-knowledge-and-promoting-dialogue-to-increase-the-creative-potential-of-collaboration\" style=\"font-size:clamp(27.894px, 1.743rem + ((1vw - 3.2px) * 1.971), 48px);line-height:1.1\"><strong>Wystawy zaplanowane w ramach cyklu wpisuj\u0105 si\u0119 w aktualne debaty o przemilczanych do\u015bwiadczeniach kobiet, mniejszo\u015bci i ofiar historii. W czasie, gdy w Polsce i Europie narastaj\u0105 napi\u0119cia spo\u0142eczne, a prawa mniejszo\u015bci i kobiet wci\u0105\u017c s\u0105 przedmiotem politycznej gry, Galeria Labirynt proponuje przestrze\u0144 do refleksji. Cykl \u201eProste pytania \u2013 trudne odpowiedzi\u201d oddaje g\u0142os artystkom, kt\u00f3re poprzez sztuk\u0119 upominaj\u0105 si\u0119 o niewygodne prawdy i pomijane historie.<\/strong><\/h2>\n<\/div>\n","protected":false},"excerpt":{"rendered":"<p>PROSTE PYTANIA TRUDNE ODPOWIEDZI Magdalena Ciemierkiewicz &#8211; Wiano Dana Kavelina &#8211; The Lemberg Machine Marta Zgierska &#8211; Ja\u0142owy bieg Kali Katharsis &#8211; Wstydu nie masz Katarzyna G\u00f3rna &#8211; Pami\u0119\u0107 Ziemi Wystawy s\u0105 cz\u0119\u015bci\u0105 nowego cyklu Galerii Labirynt \u2013 \u201eProste pytania \u2013 trudne odpowiedzi\u201d \u2013 kt\u00f3ry skupia si\u0119 na sztuce artystek poruszaj\u0105cych tematy dyskryminacji, traumy, seksizmu, [&hellip;]<\/p>\n","protected":false},"author":1,"featured_media":0,"parent":0,"menu_order":0,"comment_status":"closed","ping_status":"closed","template":"","meta":{"inline_featured_image":false,"footnotes":""},"class_list":["post-263","page","type-page","status-publish","hentry"],"_links":{"self":[{"href":"https:\/\/labirynt.com\/prostepytania\/wp-json\/wp\/v2\/pages\/263","targetHints":{"allow":["GET"]}}],"collection":[{"href":"https:\/\/labirynt.com\/prostepytania\/wp-json\/wp\/v2\/pages"}],"about":[{"href":"https:\/\/labirynt.com\/prostepytania\/wp-json\/wp\/v2\/types\/page"}],"author":[{"embeddable":true,"href":"https:\/\/labirynt.com\/prostepytania\/wp-json\/wp\/v2\/users\/1"}],"replies":[{"embeddable":true,"href":"https:\/\/labirynt.com\/prostepytania\/wp-json\/wp\/v2\/comments?post=263"}],"version-history":[{"count":27,"href":"https:\/\/labirynt.com\/prostepytania\/wp-json\/wp\/v2\/pages\/263\/revisions"}],"predecessor-version":[{"id":369,"href":"https:\/\/labirynt.com\/prostepytania\/wp-json\/wp\/v2\/pages\/263\/revisions\/369"}],"wp:attachment":[{"href":"https:\/\/labirynt.com\/prostepytania\/wp-json\/wp\/v2\/media?parent=263"}],"curies":[{"name":"wp","href":"https:\/\/api.w.org\/{rel}","templated":true}]}}