{"id":41,"date":"2025-07-15T08:50:19","date_gmt":"2025-07-15T06:50:19","guid":{"rendered":"https:\/\/labirynt.com\/prostepytania\/?page_id=41"},"modified":"2025-12-30T12:17:04","modified_gmt":"2025-12-30T11:17:04","slug":"ewa-zarzycka","status":"publish","type":"page","link":"https:\/\/labirynt.com\/prostepytania\/ewa-zarzycka\/","title":{"rendered":"ewa zarzycka"},"content":{"rendered":"\n<h2 class=\"wp-block-heading alignfull podstronah2\">Ewa Zarzycka &#8211; Video<\/h2>\n\n\n\n<figure class=\"wp-block-image alignfull size-large onlymobi\"><img loading=\"lazy\" decoding=\"async\" width=\"683\" height=\"1024\" src=\"https:\/\/labirynt.com\/prostepytania\/wp-content\/uploads\/2025\/07\/ewa4-683x1024.png\" alt=\"\" class=\"wp-image-367\" srcset=\"https:\/\/labirynt.com\/prostepytania\/wp-content\/uploads\/2025\/07\/ewa4-683x1024.png 683w, https:\/\/labirynt.com\/prostepytania\/wp-content\/uploads\/2025\/07\/ewa4-200x300.png 200w, https:\/\/labirynt.com\/prostepytania\/wp-content\/uploads\/2025\/07\/ewa4-768x1152.png 768w, https:\/\/labirynt.com\/prostepytania\/wp-content\/uploads\/2025\/07\/ewa4.png 800w\" sizes=\"auto, (max-width: 683px) 100vw, 683px\" \/><\/figure>\n\n\n\n<figure class=\"wp-block-image alignfull size-full onlydesk toper\"><img loading=\"lazy\" decoding=\"async\" width=\"800\" height=\"1200\" src=\"https:\/\/labirynt.com\/prostepytania\/wp-content\/uploads\/2025\/07\/ewa4.png\" alt=\"\" class=\"wp-image-367\" srcset=\"https:\/\/labirynt.com\/prostepytania\/wp-content\/uploads\/2025\/07\/ewa4.png 800w, https:\/\/labirynt.com\/prostepytania\/wp-content\/uploads\/2025\/07\/ewa4-200x300.png 200w, https:\/\/labirynt.com\/prostepytania\/wp-content\/uploads\/2025\/07\/ewa4-683x1024.png 683w, https:\/\/labirynt.com\/prostepytania\/wp-content\/uploads\/2025\/07\/ewa4-768x1152.png 768w\" sizes=\"auto, (max-width: 800px) 100vw, 800px\" \/><\/figure>\n\n\n\n<h2 class=\"wp-block-heading alignwide\" id=\"we-re-a-studio-in-berlin-with-an-international-practice-in-architecture-urban-planning-and-interior-design-we-believe-in-sharing-knowledge-and-promoting-dialogue-to-increase-the-creative-potential-of-collaboration\" style=\"font-size:clamp(27.894px, 1.743rem + ((1vw - 3.2px) * 1.971), 48px);line-height:1.1\">Narracja performatywna Ewy Zarzyckiej, artystki zwi\u0105zanej z Labiryntem od lat 70., kt\u00f3rej obecno\u015b\u0107 tworzy symboliczny pomost mi\u0119dzy histori\u0105 Galerii a jej wsp\u00f3\u0142czesn\u0105 to\u017csamo\u015bci\u0105.<\/h2>\n\n\n\n<figure class=\"wp-block-embed is-type-video is-provider-youtube wp-block-embed-youtube wp-embed-aspect-16-9 wp-has-aspect-ratio\"><div class=\"wp-block-embed__wrapper\">\n<iframe loading=\"lazy\" title=\"Proste pytania \u2013 trudne odpowiedzi: Ewa Zarzycka &amp; Magdalena Ciemierkiewicz\" width=\"500\" height=\"281\" src=\"https:\/\/www.youtube.com\/embed\/GwWB9YDNFpU?feature=oembed\" frameborder=\"0\" allow=\"accelerometer; autoplay; clipboard-write; encrypted-media; gyroscope; picture-in-picture; web-share\" referrerpolicy=\"strict-origin-when-cross-origin\" allowfullscreen><\/iframe>\n<\/div><figcaption class=\"wp-element-caption\">Proste pytania \u2013 trudne odpowiedzi: Magdalena Ciemierkiewicz<\/figcaption><\/figure>\n\n\n\n<figure class=\"wp-block-embed is-type-video is-provider-youtube wp-block-embed-youtube wp-embed-aspect-16-9 wp-has-aspect-ratio\"><div class=\"wp-block-embed__wrapper\">\n<iframe loading=\"lazy\" title=\"Proste pytania \u2013 trudne odpowiedzi: Ewa Zarzycka &amp; Dana Kavelina\" width=\"500\" height=\"281\" src=\"https:\/\/www.youtube.com\/embed\/Hc1XGO71RIs?feature=oembed\" frameborder=\"0\" allow=\"accelerometer; autoplay; clipboard-write; encrypted-media; gyroscope; picture-in-picture; web-share\" referrerpolicy=\"strict-origin-when-cross-origin\" allowfullscreen><\/iframe>\n<\/div><figcaption class=\"wp-element-caption\">Proste pytania \u2013 trudne odpowiedzi: Dana Kavelina<\/figcaption><\/figure>\n\n\n\n<figure class=\"wp-block-embed is-type-video is-provider-youtube wp-block-embed-youtube wp-embed-aspect-16-9 wp-has-aspect-ratio\"><div class=\"wp-block-embed__wrapper\">\n<iframe loading=\"lazy\" title=\"Proste pytania \u2013 trudne odpowiedzi: Ewa Zarzycka &amp; Marta Zgierska\" width=\"500\" height=\"281\" src=\"https:\/\/www.youtube.com\/embed\/DSz9f-BNH1c?feature=oembed\" frameborder=\"0\" allow=\"accelerometer; autoplay; clipboard-write; encrypted-media; gyroscope; picture-in-picture; web-share\" referrerpolicy=\"strict-origin-when-cross-origin\" allowfullscreen><\/iframe>\n<\/div><figcaption class=\"wp-element-caption\">Proste pytania \u2013 trudne odpowiedzi: Marta Zgierska<\/figcaption><\/figure>\n\n\n\n<figure class=\"wp-block-embed is-type-video is-provider-youtube wp-block-embed-youtube wp-embed-aspect-16-9 wp-has-aspect-ratio\"><div class=\"wp-block-embed__wrapper\">\n<iframe loading=\"lazy\" title=\"Proste pytania \u2013 trudne odpowiedzi: Ewa Zarzycka &amp; Kali Katharsis\" width=\"500\" height=\"281\" src=\"https:\/\/www.youtube.com\/embed\/UPy5lgJQo_w?feature=oembed\" frameborder=\"0\" allow=\"accelerometer; autoplay; clipboard-write; encrypted-media; gyroscope; picture-in-picture; web-share\" referrerpolicy=\"strict-origin-when-cross-origin\" allowfullscreen><\/iframe>\n<\/div><figcaption class=\"wp-element-caption\">Proste pytania \u2013 trudne odpowiedzi: Kali Katharsis<\/figcaption><\/figure>\n\n\n\n<figure class=\"wp-block-embed is-type-video is-provider-youtube wp-block-embed-youtube wp-embed-aspect-16-9 wp-has-aspect-ratio\"><div class=\"wp-block-embed__wrapper\">\n<iframe loading=\"lazy\" title=\"Proste pytania \u2013 trudne odpowiedzi: Ewa Zarzycka &amp; Katarzyna G\u00f3rna\" width=\"500\" height=\"281\" src=\"https:\/\/www.youtube.com\/embed\/49g4rVUo3BI?feature=oembed\" frameborder=\"0\" allow=\"accelerometer; autoplay; clipboard-write; encrypted-media; gyroscope; picture-in-picture; web-share\" referrerpolicy=\"strict-origin-when-cross-origin\" allowfullscreen><\/iframe>\n<\/div><figcaption class=\"wp-element-caption\">Proste pytania \u2013 trudne odpowiedzi: Katarzyna G\u00f3rna<\/figcaption><\/figure>\n","protected":false},"excerpt":{"rendered":"<p>Ewa Zarzycka &#8211; Video Narracja performatywna Ewy Zarzyckiej, artystki zwi\u0105zanej z Labiryntem od lat 70., kt\u00f3rej obecno\u015b\u0107 tworzy symboliczny pomost mi\u0119dzy histori\u0105 Galerii a jej wsp\u00f3\u0142czesn\u0105 to\u017csamo\u015bci\u0105.<\/p>\n","protected":false},"author":1,"featured_media":0,"parent":0,"menu_order":7,"comment_status":"closed","ping_status":"closed","template":"","meta":{"inline_featured_image":false,"footnotes":""},"class_list":["post-41","page","type-page","status-publish","hentry"],"_links":{"self":[{"href":"https:\/\/labirynt.com\/prostepytania\/wp-json\/wp\/v2\/pages\/41","targetHints":{"allow":["GET"]}}],"collection":[{"href":"https:\/\/labirynt.com\/prostepytania\/wp-json\/wp\/v2\/pages"}],"about":[{"href":"https:\/\/labirynt.com\/prostepytania\/wp-json\/wp\/v2\/types\/page"}],"author":[{"embeddable":true,"href":"https:\/\/labirynt.com\/prostepytania\/wp-json\/wp\/v2\/users\/1"}],"replies":[{"embeddable":true,"href":"https:\/\/labirynt.com\/prostepytania\/wp-json\/wp\/v2\/comments?post=41"}],"version-history":[{"count":16,"href":"https:\/\/labirynt.com\/prostepytania\/wp-json\/wp\/v2\/pages\/41\/revisions"}],"predecessor-version":[{"id":393,"href":"https:\/\/labirynt.com\/prostepytania\/wp-json\/wp\/v2\/pages\/41\/revisions\/393"}],"wp:attachment":[{"href":"https:\/\/labirynt.com\/prostepytania\/wp-json\/wp\/v2\/media?parent=41"}],"curies":[{"name":"wp","href":"https:\/\/api.w.org\/{rel}","templated":true}]}}

<h2 class="wp-block-heading alignfull podstronah2">Ewa Zarzycka &#8211; Video</h2>



<figure class="wp-block-image alignfull size-large onlymobi"><img loading="lazy" decoding="async" width="683" height="1024" src="https://labirynt.com/prostepytania/wp-content/uploads/2025/07/ewa4-683x1024.png" alt="" class="wp-image-367" srcset="https://labirynt.com/prostepytania/wp-content/uploads/2025/07/ewa4-683x1024.png 683w, https://labirynt.com/prostepytania/wp-content/uploads/2025/07/ewa4-200x300.png 200w, https://labirynt.com/prostepytania/wp-content/uploads/2025/07/ewa4-768x1152.png 768w, https://labirynt.com/prostepytania/wp-content/uploads/2025/07/ewa4.png 800w" sizes="auto, (max-width: 683px) 100vw, 683px" /></figure>



<figure class="wp-block-image alignfull size-full onlydesk toper"><img loading="lazy" decoding="async" width="800" height="1200" src="https://labirynt.com/prostepytania/wp-content/uploads/2025/07/ewa4.png" alt="" class="wp-image-367" srcset="https://labirynt.com/prostepytania/wp-content/uploads/2025/07/ewa4.png 800w, https://labirynt.com/prostepytania/wp-content/uploads/2025/07/ewa4-200x300.png 200w, https://labirynt.com/prostepytania/wp-content/uploads/2025/07/ewa4-683x1024.png 683w, https://labirynt.com/prostepytania/wp-content/uploads/2025/07/ewa4-768x1152.png 768w" sizes="auto, (max-width: 800px) 100vw, 800px" /></figure>



<h2 class="wp-block-heading alignwide" id="we-re-a-studio-in-berlin-with-an-international-practice-in-architecture-urban-planning-and-interior-design-we-believe-in-sharing-knowledge-and-promoting-dialogue-to-increase-the-creative-potential-of-collaboration" style="font-size:clamp(27.894px, 1.743rem + ((1vw - 3.2px) * 1.971), 48px);line-height:1.1">Narracja performatywna Ewy Zarzyckiej, artystki związanej z Labiryntem od lat 70., której obecność tworzy symboliczny pomost między historią Galerii a jej współczesną tożsamością.</h2>



<figure class="wp-block-embed is-type-video is-provider-youtube wp-block-embed-youtube wp-embed-aspect-16-9 wp-has-aspect-ratio"><div class="wp-block-embed__wrapper">
<iframe loading="lazy" title="Proste pytania – trudne odpowiedzi: Ewa Zarzycka &amp; Magdalena Ciemierkiewicz" width="500" height="281" src="https://www.youtube.com/embed/GwWB9YDNFpU?feature=oembed" frameborder="0" allow="accelerometer; autoplay; clipboard-write; encrypted-media; gyroscope; picture-in-picture; web-share" referrerpolicy="strict-origin-when-cross-origin" allowfullscreen></iframe>
</div><figcaption class="wp-element-caption">Proste pytania – trudne odpowiedzi: Magdalena Ciemierkiewicz</figcaption></figure>



<figure class="wp-block-embed is-type-video is-provider-youtube wp-block-embed-youtube wp-embed-aspect-16-9 wp-has-aspect-ratio"><div class="wp-block-embed__wrapper">
<iframe loading="lazy" title="Proste pytania – trudne odpowiedzi: Ewa Zarzycka &amp; Dana Kavelina" width="500" height="281" src="https://www.youtube.com/embed/Hc1XGO71RIs?feature=oembed" frameborder="0" allow="accelerometer; autoplay; clipboard-write; encrypted-media; gyroscope; picture-in-picture; web-share" referrerpolicy="strict-origin-when-cross-origin" allowfullscreen></iframe>
</div><figcaption class="wp-element-caption">Proste pytania – trudne odpowiedzi: Dana Kavelina</figcaption></figure>



<figure class="wp-block-embed is-type-video is-provider-youtube wp-block-embed-youtube wp-embed-aspect-16-9 wp-has-aspect-ratio"><div class="wp-block-embed__wrapper">
<iframe loading="lazy" title="Proste pytania – trudne odpowiedzi: Ewa Zarzycka &amp; Marta Zgierska" width="500" height="281" src="https://www.youtube.com/embed/DSz9f-BNH1c?feature=oembed" frameborder="0" allow="accelerometer; autoplay; clipboard-write; encrypted-media; gyroscope; picture-in-picture; web-share" referrerpolicy="strict-origin-when-cross-origin" allowfullscreen></iframe>
</div><figcaption class="wp-element-caption">Proste pytania – trudne odpowiedzi: Marta Zgierska</figcaption></figure>



<figure class="wp-block-embed is-type-video is-provider-youtube wp-block-embed-youtube wp-embed-aspect-16-9 wp-has-aspect-ratio"><div class="wp-block-embed__wrapper">
<iframe loading="lazy" title="Proste pytania – trudne odpowiedzi: Ewa Zarzycka &amp; Kali Katharsis" width="500" height="281" src="https://www.youtube.com/embed/UPy5lgJQo_w?feature=oembed" frameborder="0" allow="accelerometer; autoplay; clipboard-write; encrypted-media; gyroscope; picture-in-picture; web-share" referrerpolicy="strict-origin-when-cross-origin" allowfullscreen></iframe>
</div><figcaption class="wp-element-caption">Proste pytania – trudne odpowiedzi: Kali Katharsis</figcaption></figure>



<figure class="wp-block-embed is-type-video is-provider-youtube wp-block-embed-youtube wp-embed-aspect-16-9 wp-has-aspect-ratio"><div class="wp-block-embed__wrapper">
<iframe loading="lazy" title="Proste pytania – trudne odpowiedzi: Ewa Zarzycka &amp; Katarzyna Górna" width="500" height="281" src="https://www.youtube.com/embed/49g4rVUo3BI?feature=oembed" frameborder="0" allow="accelerometer; autoplay; clipboard-write; encrypted-media; gyroscope; picture-in-picture; web-share" referrerpolicy="strict-origin-when-cross-origin" allowfullscreen></iframe>
</div><figcaption class="wp-element-caption">Proste pytania – trudne odpowiedzi: Katarzyna Górna</figcaption></figure>

<p>Ewa Zarzycka &#8211; Video Narracja performatywna Ewy Zarzyckiej, artystki związanej z Labiryntem od lat 70., której obecność tworzy symboliczny pomost między historią Galerii a jej współczesną tożsamością.</p>
