{"id":15,"date":"2025-09-25T21:43:13","date_gmt":"2025-09-25T19:43:13","guid":{"rendered":"https:\/\/labirynt.com\/voicesfromukraine\/?page_id=15"},"modified":"2025-10-12T19:49:34","modified_gmt":"2025-10-12T17:49:34","slug":"home","status":"publish","type":"page","link":"https:\/\/labirynt.com\/voicesfromukraine\/home\/","title":{"rendered":"o wystawie"},"content":{"rendered":"\n<p class=\"bottom22\"><\/p>\n\n\n\n<figure class=\"wp-block-image size-full onlyMobi\"><img loading=\"lazy\" decoding=\"async\" width=\"467\" height=\"810\" src=\"https:\/\/labirynt.com\/voicesfromukraine\/wp-content\/uploads\/2025\/10\/voicesObszar-roboczy-1vmobi.png\" alt=\"\" class=\"wp-image-272\" srcset=\"https:\/\/labirynt.com\/voicesfromukraine\/wp-content\/uploads\/2025\/10\/voicesObszar-roboczy-1vmobi.png 467w, https:\/\/labirynt.com\/voicesfromukraine\/wp-content\/uploads\/2025\/10\/voicesObszar-roboczy-1vmobi-173x300.png 173w\" sizes=\"auto, (max-width: 467px) 100vw, 467px\" \/><\/figure>\n\n\n\n<p><\/p>\n\n\n\n<div class=\"wp-block-group alignfull has-global-padding is-content-justification-right is-layout-constrained wp-container-core-group-is-layout-fce833e1 wp-block-group-is-layout-constrained\" style=\"padding-right:var(--wp--preset--spacing--30)\">\n<p>Do\u015bwiadczenie wojny jest niezwykle trudne do przekazania tym, kt\u00f3rzy jej nie prze\u017cywali. Mimo tego od czas\u00f3w I wojny \u015bwiatowej intelektuali\u015bci_stki i arty\u015bci_stki starali si\u0119 je wyrazi\u0107, odwo\u0142uj\u0105c si\u0119 do my\u015bli, wyobra\u017ani i emocji odbiorc\u00f3w. Dzi\u015b trudno\u015b\u0107 w przekazaniu do\u015bwiadczenia wojny i krucho\u015bci naszego \u015bwiata osobom, kt\u00f3re nie do\u015bwiadczy\u0142y jej osobi\u015bcie, polega na tym, \u017ce wsp\u00f3\u0142czesne wojny wydaj\u0105 si\u0119 bardzo odleg\u0142e, a ich wp\u0142yw nie jest oczywisty poza stref\u0105 konfliktu.<\/p>\n\n\n\n<p>Dla Ukrainy walka o suwerenno\u015b\u0107 i wolno\u015b\u0107 toczy si\u0119 ju\u017c jedena\u015bcie lat, z czego czwarty rok trwa pe\u0142noskalowa wojna. Wystawa Voices From Ukraine prezentuje prace, kt\u00f3re ujmuj\u0105 r\u00f3\u017cnorodne osobiste do\u015bwiadczenia ukrai\u0144skich artystek i artyst\u00f3w. Patrz\u0105 oni na wojn\u0119 z wielu bardzo r\u00f3\u017cnych perspektyw i pozycji. Historie te, opowiedziane na r\u00f3\u017cne sposoby i w r\u00f3\u017cnych j\u0119zykach \u2013 zar\u00f3wno poprzez dokument, jak i symbole i metafory \u2013 nadaj\u0105 wojnie wyra\u017aniejszy obraz. Dzi\u0119ki nim mo\u017cna zobaczy\u0107 i us\u0142ysze\u0107 prawdziwych, \u017cywych ludzi z ich b\u00f3lem, stratami, cierpieniem, w\u0105tpliwo\u015bciami, niedoskona\u0142o\u015bciami, ale tak\u017ce godno\u015bci\u0105 i gotowo\u015bci\u0105 do oporu. Z uog\u00f3lnionej abstrakcji wojna w tych historiach staje si\u0119 bardziej konkretna i spersonalizowana, a zatem mo\u017ce by\u0107 poznana przez percepcj\u0119. To znaczy sta\u0107 si\u0119 tak\u0105, kt\u00f3r\u0105 mo\u017cna odnie\u015b\u0107 do w\u0142asnego \u017cycia i do\u015bwiadcze\u0144, w\u0142asnego b\u00f3lu i strat, b\u0119d\u0105c fizycznie, emocjonalnie i psychicznie daleko od wojny, pozornie w bezpiecznej odleg\u0142o\u015bci.<\/p>\n\n\n\n<p>Jednak dzi\u015b odleg\u0142o\u015bci s\u0105 bardzo wzgl\u0119dne, bezpiecze\u0144stwo z\u0142udne, a mo\u017cliwo\u015b\u0107 zbli\u017cenia si\u0119 do innych i dostrze\u017cenia tego, co wsp\u00f3lne w wielo\u015bci, aby m\u00f3c si\u0119 nawzajem zrozumie\u0107, wymaga wra\u017cliwo\u015bci i wysi\u0142ku. Tak jak poszukiwanie z\u0142o\u017conych odpowiedzi na kontrowersyjne pytania, dialog, solidarno\u015b\u0107 i szacunek dla r\u00f3\u017cnic wymagaj\u0105 wysi\u0142ku. Prezentowane na wystawie prace zapraszaj\u0105 r\u00f3wnie\u017c do rozmowy o tym, dlaczego warto podejmowa\u0107 te wysi\u0142ki. Jak\u0105 przysz\u0142o\u015b\u0107 tracimy dzi\u015b z perspektywy do\u015bwiadcze\u0144 wojennych? Jak\u0105 przysz\u0142o\u015b\u0107 mo\u017cna sobie wyobrazi\u0107 jako prawdopodobn\u0105 i wsp\u00f3ln\u0105? Czy warto podejmowa\u0107 wysi\u0142ek dla zrozumienia i dialogu? Voices From Ukraine oferuj\u0105 wielog\u0142os, w kt\u00f3rym ka\u017cdy z g\u0142os\u00f3w jest wa\u017cny.<\/p>\n\n\n\n<p>Przestrze\u0144 s\u0142uchania i refleksji wymaga wra\u017cliwo\u015bci i czu\u0142o\u015bci. Nie zawsze \u0142atwo jest otworzy\u0107 si\u0119 na czyj\u015b b\u00f3l. Jednak dla kogo\u015b, kto podziela wizj\u0119 wolno\u015bci jako najwy\u017cszej warto\u015bci, wojna rosyjsko-ukrai\u0144ska nie mo\u017ce by\u0107 i ju\u017c dawno przesta\u0142a by\u0107 lokaln\u0105 i odleg\u0142\u0105 spraw\u0105 Ukrainek i Ukrai\u0144c\u00f3w.<\/p>\n\n\n\n<p>Kuratorzy: Daryna Skrynnyk-Myska i Waldemar Tatarchuk<\/p>\n\n\n\n<p><a href=\"https:\/\/labirynt.com\/voicesfromukraine\/artosoby\/\" data-type=\"page\" data-id=\"34\">Us\u0142ysz wszystkie g\u0142osy!<\/a><\/p>\n<\/div>\n","protected":false},"excerpt":{"rendered":"<p>Do\u015bwiadczenie wojny jest niezwykle trudne do przekazania tym, kt\u00f3rzy jej nie prze\u017cywali. Mimo tego od czas\u00f3w I wojny \u015bwiatowej intelektuali\u015bci_stki i arty\u015bci_stki starali si\u0119 je wyrazi\u0107, odwo\u0142uj\u0105c si\u0119 do my\u015bli, wyobra\u017ani i emocji odbiorc\u00f3w. Dzi\u015b trudno\u015b\u0107 w przekazaniu do\u015bwiadczenia wojny i krucho\u015bci naszego \u015bwiata osobom, kt\u00f3re nie do\u015bwiadczy\u0142y jej osobi\u015bcie, polega na tym, \u017ce wsp\u00f3\u0142czesne [&hellip;]<\/p>\n","protected":false},"author":1,"featured_media":0,"parent":0,"menu_order":1,"comment_status":"closed","ping_status":"closed","template":"","meta":{"footnotes":""},"class_list":["post-15","page","type-page","status-publish","hentry"],"_links":{"self":[{"href":"https:\/\/labirynt.com\/voicesfromukraine\/wp-json\/wp\/v2\/pages\/15","targetHints":{"allow":["GET"]}}],"collection":[{"href":"https:\/\/labirynt.com\/voicesfromukraine\/wp-json\/wp\/v2\/pages"}],"about":[{"href":"https:\/\/labirynt.com\/voicesfromukraine\/wp-json\/wp\/v2\/types\/page"}],"author":[{"embeddable":true,"href":"https:\/\/labirynt.com\/voicesfromukraine\/wp-json\/wp\/v2\/users\/1"}],"replies":[{"embeddable":true,"href":"https:\/\/labirynt.com\/voicesfromukraine\/wp-json\/wp\/v2\/comments?post=15"}],"version-history":[{"count":12,"href":"https:\/\/labirynt.com\/voicesfromukraine\/wp-json\/wp\/v2\/pages\/15\/revisions"}],"predecessor-version":[{"id":277,"href":"https:\/\/labirynt.com\/voicesfromukraine\/wp-json\/wp\/v2\/pages\/15\/revisions\/277"}],"wp:attachment":[{"href":"https:\/\/labirynt.com\/voicesfromukraine\/wp-json\/wp\/v2\/media?parent=15"}],"curies":[{"name":"wp","href":"https:\/\/api.w.org\/{rel}","templated":true}]}}

<p class="bottom22"></p>



<figure class="wp-block-image size-full onlyMobi"><img loading="lazy" decoding="async" width="467" height="810" src="https://labirynt.com/voicesfromukraine/wp-content/uploads/2025/10/voicesObszar-roboczy-1vmobi.png" alt="" class="wp-image-272" srcset="https://labirynt.com/voicesfromukraine/wp-content/uploads/2025/10/voicesObszar-roboczy-1vmobi.png 467w, https://labirynt.com/voicesfromukraine/wp-content/uploads/2025/10/voicesObszar-roboczy-1vmobi-173x300.png 173w" sizes="auto, (max-width: 467px) 100vw, 467px" /></figure>



<p></p>



<div class="wp-block-group alignfull has-global-padding is-content-justification-right is-layout-constrained wp-container-core-group-is-layout-fce833e1 wp-block-group-is-layout-constrained" style="padding-right:var(--wp--preset--spacing--30)">
<p>Doświadczenie wojny jest niezwykle trudne do przekazania tym, którzy jej nie przeżywali. Mimo tego od czasów I wojny światowej intelektualiści_stki i artyści_stki starali się je wyrazić, odwołując się do myśli, wyobraźni i emocji odbiorców. Dziś trudność w przekazaniu doświadczenia wojny i kruchości naszego świata osobom, które nie doświadczyły jej osobiście, polega na tym, że współczesne wojny wydają się bardzo odległe, a ich wpływ nie jest oczywisty poza strefą konfliktu.</p>



<p>Dla Ukrainy walka o suwerenność i wolność toczy się już jedenaście lat, z czego czwarty rok trwa pełnoskalowa wojna. Wystawa Voices From Ukraine prezentuje prace, które ujmują różnorodne osobiste doświadczenia ukraińskich artystek i artystów. Patrzą oni na wojnę z wielu bardzo różnych perspektyw i pozycji. Historie te, opowiedziane na różne sposoby i w różnych językach – zarówno poprzez dokument, jak i symbole i metafory – nadają wojnie wyraźniejszy obraz. Dzięki nim można zobaczyć i usłyszeć prawdziwych, żywych ludzi z ich bólem, stratami, cierpieniem, wątpliwościami, niedoskonałościami, ale także godnością i gotowością do oporu. Z uogólnionej abstrakcji wojna w tych historiach staje się bardziej konkretna i spersonalizowana, a zatem może być poznana przez percepcję. To znaczy stać się taką, którą można odnieść do własnego życia i doświadczeń, własnego bólu i strat, będąc fizycznie, emocjonalnie i psychicznie daleko od wojny, pozornie w bezpiecznej odległości.</p>



<p>Jednak dziś odległości są bardzo względne, bezpieczeństwo złudne, a możliwość zbliżenia się do innych i dostrzeżenia tego, co wspólne w wielości, aby móc się nawzajem zrozumieć, wymaga wrażliwości i wysiłku. Tak jak poszukiwanie złożonych odpowiedzi na kontrowersyjne pytania, dialog, solidarność i szacunek dla różnic wymagają wysiłku. Prezentowane na wystawie prace zapraszają również do rozmowy o tym, dlaczego warto podejmować te wysiłki. Jaką przyszłość tracimy dziś z perspektywy doświadczeń wojennych? Jaką przyszłość można sobie wyobrazić jako prawdopodobną i wspólną? Czy warto podejmować wysiłek dla zrozumienia i dialogu? Voices From Ukraine oferują wielogłos, w którym każdy z głosów jest ważny.</p>



<p>Przestrzeń słuchania i refleksji wymaga wrażliwości i czułości. Nie zawsze łatwo jest otworzyć się na czyjś ból. Jednak dla kogoś, kto podziela wizję wolności jako najwyższej wartości, wojna rosyjsko-ukraińska nie może być i już dawno przestała być lokalną i odległą sprawą Ukrainek i Ukraińców.</p>



<p>Kuratorzy: Daryna Skrynnyk-Myska i Waldemar Tatarchuk</p>



<p><a href="https://labirynt.com/voicesfromukraine/artosoby/" data-type="page" data-id="34">Usłysz wszystkie głosy!</a></p>
</div>

<p>Doświadczenie wojny jest niezwykle trudne do przekazania tym, którzy jej nie przeżywali. Mimo tego od czasów I wojny światowej intelektualiści_stki i artyści_stki starali się je wyrazić, odwołując się do myśli, wyobraźni i emocji odbiorców. Dziś trudność w przekazaniu doświadczenia wojny i kruchości naszego świata osobom, które nie doświadczyły jej osobiście, polega na tym, że współczesne [&hellip;]</p>
